{"id":51,"date":"2012-09-03T14:27:05","date_gmt":"2012-09-03T13:27:05","guid":{"rendered":"http:\/\/localhost:8888\/tetedemule\/?page_id=51"},"modified":"2023-12-31T18:28:12","modified_gmt":"2023-12-31T17:28:12","slug":"la-perle-magique","status":"publish","type":"page","link":"https:\/\/www.la-tete-de-mule.fr\/?page_id=51","title":{"rendered":"La Perle Magique"},"content":{"rendered":"<p align=\"justify\"><strong><a href=\"http:\/\/www.la-tete-de-mule.fr\/wp-content\/uploads\/2012\/09\/14-mai-2014-020.jpg\"><img loading=\"lazy\" decoding=\"async\" class=\"alignnone size-medium wp-image-1644\" src=\"http:\/\/www.la-tete-de-mule.fr\/wp-content\/uploads\/2012\/09\/14-mai-2014-020-e1400283343810-225x300.jpg\" alt=\"14 mai 2014 020\" width=\"225\" height=\"300\" srcset=\"https:\/\/www.la-tete-de-mule.fr\/wp-content\/uploads\/2012\/09\/14-mai-2014-020-e1400283343810-225x300.jpg 225w, https:\/\/www.la-tete-de-mule.fr\/wp-content\/uploads\/2012\/09\/14-mai-2014-020-e1400283343810-768x1024.jpg 768w\" sizes=\"auto, (max-width: 225px) 100vw, 225px\" \/><\/a><a href=\"http:\/\/www.la-tete-de-mule.fr\/wp-content\/uploads\/2012\/09\/La-perle-2.jpg\"><img loading=\"lazy\" decoding=\"async\" class=\"alignnone wp-image-1641\" src=\"http:\/\/www.la-tete-de-mule.fr\/wp-content\/uploads\/2012\/09\/La-perle-2-300x169.jpg\" alt=\"La perle 2\" width=\"270\" height=\"152\" srcset=\"https:\/\/www.la-tete-de-mule.fr\/wp-content\/uploads\/2012\/09\/La-perle-2-300x169.jpg 300w, https:\/\/www.la-tete-de-mule.fr\/wp-content\/uploads\/2012\/09\/La-perle-2-1024x578.jpg 1024w, https:\/\/www.la-tete-de-mule.fr\/wp-content\/uploads\/2012\/09\/La-perle-2-600x339.jpg 600w, https:\/\/www.la-tete-de-mule.fr\/wp-content\/uploads\/2012\/09\/La-perle-2.jpg 1803w\" sizes=\"auto, (max-width: 270px) 100vw, 270px\" \/><\/a><a href=\"http:\/\/www.la-tete-de-mule.fr\/wp-content\/uploads\/2021\/11\/IMG_20211115_171052.jpg\"><img loading=\"lazy\" decoding=\"async\" class=\"alignnone size-medium wp-image-3098\" src=\"http:\/\/www.la-tete-de-mule.fr\/wp-content\/uploads\/2021\/11\/IMG_20211115_171052-225x300.jpg\" alt=\"\" width=\"225\" height=\"300\" srcset=\"https:\/\/www.la-tete-de-mule.fr\/wp-content\/uploads\/2021\/11\/IMG_20211115_171052-225x300.jpg 225w, https:\/\/www.la-tete-de-mule.fr\/wp-content\/uploads\/2021\/11\/IMG_20211115_171052-600x800.jpg 600w, https:\/\/www.la-tete-de-mule.fr\/wp-content\/uploads\/2021\/11\/IMG_20211115_171052-203x270.jpg 203w, https:\/\/www.la-tete-de-mule.fr\/wp-content\/uploads\/2021\/11\/IMG_20211115_171052.jpg 720w\" sizes=\"auto, (max-width: 225px) 100vw, 225px\" \/><\/a><a href=\"http:\/\/www.la-tete-de-mule.fr\/wp-content\/uploads\/2021\/11\/IMG_20211115_171045.jpg\"><img loading=\"lazy\" decoding=\"async\" class=\"alignnone size-medium wp-image-3097\" src=\"http:\/\/www.la-tete-de-mule.fr\/wp-content\/uploads\/2021\/11\/IMG_20211115_171045-169x300.jpg\" alt=\"\" width=\"169\" height=\"300\" srcset=\"https:\/\/www.la-tete-de-mule.fr\/wp-content\/uploads\/2021\/11\/IMG_20211115_171045-169x300.jpg 169w, https:\/\/www.la-tete-de-mule.fr\/wp-content\/uploads\/2021\/11\/IMG_20211115_171045-600x1067.jpg 600w, https:\/\/www.la-tete-de-mule.fr\/wp-content\/uploads\/2021\/11\/IMG_20211115_171045-576x1024.jpg 576w, https:\/\/www.la-tete-de-mule.fr\/wp-content\/uploads\/2021\/11\/IMG_20211115_171045-768x1365.jpg 768w, https:\/\/www.la-tete-de-mule.fr\/wp-content\/uploads\/2021\/11\/IMG_20211115_171045-152x270.jpg 152w, https:\/\/www.la-tete-de-mule.fr\/wp-content\/uploads\/2021\/11\/IMG_20211115_171045.jpg 810w\" sizes=\"auto, (max-width: 169px) 100vw, 169px\" \/><\/a><a href=\"http:\/\/www.la-tete-de-mule.fr\/wp-content\/uploads\/2012\/09\/La-perle-3.jpg\"><img loading=\"lazy\" decoding=\"async\" class=\"alignnone size-medium wp-image-1586\" src=\"http:\/\/www.la-tete-de-mule.fr\/wp-content\/uploads\/2012\/09\/La-perle-3-246x300.jpg\" alt=\"La perle 3\" width=\"246\" height=\"300\" srcset=\"https:\/\/www.la-tete-de-mule.fr\/wp-content\/uploads\/2012\/09\/La-perle-3-246x300.jpg 246w, https:\/\/www.la-tete-de-mule.fr\/wp-content\/uploads\/2012\/09\/La-perle-3-842x1024.jpg 842w, https:\/\/www.la-tete-de-mule.fr\/wp-content\/uploads\/2012\/09\/La-perle-3-600x729.jpg 600w, https:\/\/www.la-tete-de-mule.fr\/wp-content\/uploads\/2012\/09\/La-perle-3.jpg 1690w\" sizes=\"auto, (max-width: 246px) 100vw, 246px\" \/><\/a><a href=\"http:\/\/www.la-tete-de-mule.fr\/wp-content\/uploads\/2012\/09\/12-f\u00e9vrier-2014-001.jpg\"><img loading=\"lazy\" decoding=\"async\" class=\"alignnone wp-image-1545\" src=\"http:\/\/www.la-tete-de-mule.fr\/wp-content\/uploads\/2012\/09\/12-f\u00e9vrier-2014-001-225x300.jpg\" alt=\"12 f\u00e9vrier 2014 001\" width=\"203\" height=\"270\" srcset=\"https:\/\/www.la-tete-de-mule.fr\/wp-content\/uploads\/2012\/09\/12-f\u00e9vrier-2014-001-225x300.jpg 225w, https:\/\/www.la-tete-de-mule.fr\/wp-content\/uploads\/2012\/09\/12-f\u00e9vrier-2014-001-768x1024.jpg 768w, https:\/\/www.la-tete-de-mule.fr\/wp-content\/uploads\/2012\/09\/12-f\u00e9vrier-2014-001-600x800.jpg 600w\" sizes=\"auto, (max-width: 203px) 100vw, 203px\" \/><\/a><a href=\"http:\/\/www.la-tete-de-mule.fr\/wp-content\/uploads\/2012\/09\/07-f\u00e9vrier-2014-490.jpg\"><img loading=\"lazy\" decoding=\"async\" class=\"alignnone wp-image-1457\" src=\"http:\/\/www.la-tete-de-mule.fr\/wp-content\/uploads\/2012\/09\/07-f\u00e9vrier-2014-490-224x300.jpg\" alt=\"07 f\u00e9vrier 2014 490\" width=\"202\" height=\"270\" srcset=\"https:\/\/www.la-tete-de-mule.fr\/wp-content\/uploads\/2012\/09\/07-f\u00e9vrier-2014-490-224x300.jpg 224w, https:\/\/www.la-tete-de-mule.fr\/wp-content\/uploads\/2012\/09\/07-f\u00e9vrier-2014-490-764x1024.jpg 764w, https:\/\/www.la-tete-de-mule.fr\/wp-content\/uploads\/2012\/09\/07-f\u00e9vrier-2014-490-600x803.jpg 600w, https:\/\/www.la-tete-de-mule.fr\/wp-content\/uploads\/2012\/09\/07-f\u00e9vrier-2014-490.jpg 1936w\" sizes=\"auto, (max-width: 202px) 100vw, 202px\" \/><\/a><\/strong><\/p>\n<p align=\"justify\">\u00a0<\/p>\n<p align=\"justify\"><strong>Cr\u00e9ation 02 d\u00e9cembre 1989<\/strong><\/p>\n<p align=\"justify\">(1029 repr\u00e9sentations)<strong><br \/><\/strong><\/p>\n<p align=\"justify\"><em><strong>Le cap non pas des temp\u00eates mais des 1000 repr\u00e9sentations all\u00e8grement franchi le 12 mai 2022 !<\/strong>\u00a0<\/em><strong><em>(Ce qui en fait <\/em>l&rsquo;un des spectacles \u00ab\u00a0Jeune Public\u00a0\u00bb le plus jou\u00e9 \u00e0 travers l&rsquo;Europe francophone&#8230;<em>)\u00a0\u00a0<\/em><\/strong><\/p>\n<p align=\"justify\">Le Pays des Vents est en deuil : Crabor, le crabe des grandes profondeurs, a d\u00e9rob\u00e9 la Perle magique qui apportait le bonheur aux habitants de la contr\u00e9e\u2026 Pour sauver son grand p\u00e8re \u2013 le vieux gardien de phare d\u00e9positaire de la perle &#8211; Boris, marmouset de dix ans, entreprend une qu\u00eate hasardeuse dans les profondeurs oc\u00e9anes\u2026<\/p>\n<p align=\"justify\"><em>Avec, par ordre de plong\u00e9e :<\/em><br \/>Pos\u00e9idon le magnifique<br \/>Semeur Desel, \u00e9cumeur des mers<br \/>Kiboufhtou, monstre parjure<br \/>L\u2019\u00e9toile tomb\u00e9e des nues<br \/>Clarisse et Moby, les fabuleux <em>\u00ab\u00a0C\u00e9tac\u00e9s Timbr\u00e9s\u00a0\u00bb<\/em><br \/>Gepetto et ses marionnettes<br \/>T\u00e9pabel, sorci\u00e8re m\u00e9dus\u00e9e des bas fonds<br \/>Crabor, imperm\u00e9able \u00e0 la piti\u00e9<\/p>\n<p><em>Un tr\u00e8s beau livre (comprenant le texte int\u00e9gral et de nombreuses illustrations grand format) a \u00e9t\u00e9 publi\u00e9 en janvier 2011 aux \u00e9ditions Keraban ; il est bien entendu disponible \u00e0 la vente aupr\u00e8s de nous (12\u20ac, port pay\u00e9). N\u2019h\u00e9sitez pas \u00e0 nous laisser un courriel o\u00f9 un message t\u00e9l\u00e9phonique en ce sens\u2026<\/em><\/p>\n<p><span style=\"color: #0000ff;\"><strong>Devant le succ\u00e8s rencontr\u00e9, une nouvelle \u00e9dition a paru en juin 2021.<\/strong><\/span><\/p><figure class=\"wp-block-image size-large\"><a href=\"http:\/\/www.la-tete-de-mule.fr\/wp-content\/uploads\/2023\/05\/IMG_1731-scaled.jpg\"><img decoding=\"async\" src=\"http:\/\/www.la-tete-de-mule.fr\/wp-content\/uploads\/2023\/05\/IMG_1731-727x1024.jpg\" alt=\"\" class=\"wp-image-3390\"\/><\/a><\/figure>","protected":false},"excerpt":{"rendered":"<p>\u00a0 Cr\u00e9ation 02 d\u00e9cembre 1989 (1029 repr\u00e9sentations) Le cap non pas des temp\u00eates mais des 1000 repr\u00e9sentations all\u00e8grement franchi le 12 mai 2022 !\u00a0(Ce qui en fait l&rsquo;un des spectacles \u00ab\u00a0Jeune Public\u00a0\u00bb le plus jou\u00e9 \u00e0 travers l&rsquo;Europe francophone&#8230;)\u00a0\u00a0 Le Pays des Vents est en deuil : Crabor, le crabe des grandes profondeurs, a d\u00e9rob\u00e9 la Perle magique qui apportait le bonheur aux habitants de la contr\u00e9e\u2026 Pour sauver son grand p\u00e8re \u2013 le vieux gardien de phare d\u00e9positaire de&#8230;<\/p>\n<p class=\"read-more\"><a class=\"btn btn-default\" href=\"https:\/\/www.la-tete-de-mule.fr\/?page_id=51\">Lire la suite<span class=\"screen-reader-text\"> Lire la suite<\/span><\/a><\/p>\n","protected":false},"author":5,"featured_media":0,"parent":30,"menu_order":0,"comment_status":"closed","ping_status":"open","template":"","meta":{"footnotes":""},"class_list":["post-51","page","type-page","status-publish","hentry"],"_links":{"self":[{"href":"https:\/\/www.la-tete-de-mule.fr\/index.php?rest_route=\/wp\/v2\/pages\/51","targetHints":{"allow":["GET"]}}],"collection":[{"href":"https:\/\/www.la-tete-de-mule.fr\/index.php?rest_route=\/wp\/v2\/pages"}],"about":[{"href":"https:\/\/www.la-tete-de-mule.fr\/index.php?rest_route=\/wp\/v2\/types\/page"}],"author":[{"embeddable":true,"href":"https:\/\/www.la-tete-de-mule.fr\/index.php?rest_route=\/wp\/v2\/users\/5"}],"replies":[{"embeddable":true,"href":"https:\/\/www.la-tete-de-mule.fr\/index.php?rest_route=%2Fwp%2Fv2%2Fcomments&post=51"}],"version-history":[{"count":32,"href":"https:\/\/www.la-tete-de-mule.fr\/index.php?rest_route=\/wp\/v2\/pages\/51\/revisions"}],"predecessor-version":[{"id":3512,"href":"https:\/\/www.la-tete-de-mule.fr\/index.php?rest_route=\/wp\/v2\/pages\/51\/revisions\/3512"}],"up":[{"embeddable":true,"href":"https:\/\/www.la-tete-de-mule.fr\/index.php?rest_route=\/wp\/v2\/pages\/30"}],"wp:attachment":[{"href":"https:\/\/www.la-tete-de-mule.fr\/index.php?rest_route=%2Fwp%2Fv2%2Fmedia&parent=51"}],"curies":[{"name":"wp","href":"https:\/\/api.w.org\/{rel}","templated":true}]}}