{"id":60,"date":"2012-09-03T14:33:28","date_gmt":"2012-09-03T13:33:28","guid":{"rendered":"http:\/\/localhost:8888\/tetedemule\/?page_id=60"},"modified":"2024-02-07T17:28:12","modified_gmt":"2024-02-07T16:28:12","slug":"le-radis-radin","status":"publish","type":"page","link":"https:\/\/www.la-tete-de-mule.fr\/?page_id=60","title":{"rendered":"Le Radis Radin"},"content":{"rendered":"<p style=\"text-align: justify;\"><strong><a href=\"http:\/\/www.la-tete-de-mule.fr\/wp-content\/uploads\/2012\/09\/radis.jpg\"><img loading=\"lazy\" decoding=\"async\" class=\"alignleft size-medium wp-image-61\" title=\"radis\" src=\"http:\/\/www.la-tete-de-mule.fr\/wp-content\/uploads\/2012\/09\/radis-300x225.jpg\" alt=\"\" width=\"300\" height=\"225\" srcset=\"https:\/\/www.la-tete-de-mule.fr\/wp-content\/uploads\/2012\/09\/radis-300x225.jpg 300w, https:\/\/www.la-tete-de-mule.fr\/wp-content\/uploads\/2012\/09\/radis-1024x768.jpg 1024w\" sizes=\"auto, (max-width: 300px) 100vw, 300px\" \/><\/a><a href=\"http:\/\/www.la-tete-de-mule.fr\/wp-content\/uploads\/2012\/09\/18-mai-2014-001-e1400325501851.jpg\"><img loading=\"lazy\" decoding=\"async\" class=\"alignnone  wp-image-1678\" src=\"http:\/\/www.la-tete-de-mule.fr\/wp-content\/uploads\/2012\/09\/18-mai-2014-001-e1400325501851-225x300.jpg\" alt=\"18 mai 2014 001\" width=\"158\" height=\"210\" srcset=\"https:\/\/www.la-tete-de-mule.fr\/wp-content\/uploads\/2012\/09\/18-mai-2014-001-e1400325501851-225x300.jpg 225w, https:\/\/www.la-tete-de-mule.fr\/wp-content\/uploads\/2012\/09\/18-mai-2014-001-e1400325501851-768x1024.jpg 768w\" sizes=\"auto, (max-width: 158px) 100vw, 158px\" \/><\/a><a href=\"http:\/\/www.la-tete-de-mule.fr\/wp-content\/uploads\/2012\/09\/18-mai-2014-002.jpg\"><img loading=\"lazy\" decoding=\"async\" class=\"alignnone size-medium wp-image-1679\" src=\"http:\/\/www.la-tete-de-mule.fr\/wp-content\/uploads\/2012\/09\/18-mai-2014-002-e1400325589678-300x225.jpg\" alt=\"18 mai 2014 002\" width=\"300\" height=\"225\" srcset=\"https:\/\/www.la-tete-de-mule.fr\/wp-content\/uploads\/2012\/09\/18-mai-2014-002-e1400325589678-300x225.jpg 300w, https:\/\/www.la-tete-de-mule.fr\/wp-content\/uploads\/2012\/09\/18-mai-2014-002-e1400325589678-1024x768.jpg 1024w\" sizes=\"auto, (max-width: 300px) 100vw, 300px\" \/><\/a><a href=\"http:\/\/www.la-tete-de-mule.fr\/wp-content\/uploads\/2012\/09\/07-f\u00e9vrier-2014-506.jpg\"><img loading=\"lazy\" decoding=\"async\" class=\"alignnone  wp-image-1471\" src=\"http:\/\/www.la-tete-de-mule.fr\/wp-content\/uploads\/2012\/09\/07-f\u00e9vrier-2014-506-224x300.jpg\" alt=\"07 f\u00e9vrier 2014 506\" width=\"202\" height=\"270\" srcset=\"https:\/\/www.la-tete-de-mule.fr\/wp-content\/uploads\/2012\/09\/07-f\u00e9vrier-2014-506-224x300.jpg 224w, https:\/\/www.la-tete-de-mule.fr\/wp-content\/uploads\/2012\/09\/07-f\u00e9vrier-2014-506-764x1024.jpg 764w, https:\/\/www.la-tete-de-mule.fr\/wp-content\/uploads\/2012\/09\/07-f\u00e9vrier-2014-506-600x803.jpg 600w, https:\/\/www.la-tete-de-mule.fr\/wp-content\/uploads\/2012\/09\/07-f\u00e9vrier-2014-506.jpg 1936w\" sizes=\"auto, (max-width: 202px) 100vw, 202px\" \/><\/a><a href=\"http:\/\/www.la-tete-de-mule.fr\/wp-content\/uploads\/2012\/09\/07-f\u00e9vrier-2014-505.jpg\"><img loading=\"lazy\" decoding=\"async\" class=\"alignnone size-medium wp-image-1469\" src=\"http:\/\/www.la-tete-de-mule.fr\/wp-content\/uploads\/2012\/09\/07-f\u00e9vrier-2014-505-224x300.jpg\" alt=\"07 f\u00e9vrier 2014 505\" width=\"224\" height=\"300\" srcset=\"https:\/\/www.la-tete-de-mule.fr\/wp-content\/uploads\/2012\/09\/07-f\u00e9vrier-2014-505-224x300.jpg 224w, https:\/\/www.la-tete-de-mule.fr\/wp-content\/uploads\/2012\/09\/07-f\u00e9vrier-2014-505-764x1024.jpg 764w, https:\/\/www.la-tete-de-mule.fr\/wp-content\/uploads\/2012\/09\/07-f\u00e9vrier-2014-505-600x803.jpg 600w, https:\/\/www.la-tete-de-mule.fr\/wp-content\/uploads\/2012\/09\/07-f\u00e9vrier-2014-505.jpg 1936w\" sizes=\"auto, (max-width: 224px) 100vw, 224px\" \/><\/a><strong><a href=\"http:\/\/www.la-tete-de-mule.fr\/wp-content\/uploads\/2012\/09\/07-f\u00e9vrier-2014-110.jpg\"><img loading=\"lazy\" decoding=\"async\" class=\"alignnone  wp-image-1466\" src=\"http:\/\/www.la-tete-de-mule.fr\/wp-content\/uploads\/2012\/09\/07-f\u00e9vrier-2014-110-224x300.jpg\" alt=\"07 f\u00e9vrier 2014 110\" width=\"179\" height=\"240\" srcset=\"https:\/\/www.la-tete-de-mule.fr\/wp-content\/uploads\/2012\/09\/07-f\u00e9vrier-2014-110-224x300.jpg 224w, https:\/\/www.la-tete-de-mule.fr\/wp-content\/uploads\/2012\/09\/07-f\u00e9vrier-2014-110-764x1024.jpg 764w, https:\/\/www.la-tete-de-mule.fr\/wp-content\/uploads\/2012\/09\/07-f\u00e9vrier-2014-110-600x803.jpg 600w, https:\/\/www.la-tete-de-mule.fr\/wp-content\/uploads\/2012\/09\/07-f\u00e9vrier-2014-110.jpg 1936w\" sizes=\"auto, (max-width: 179px) 100vw, 179px\" \/><\/a><\/strong><\/strong><\/p>\n<p style=\"text-align: justify;\"><strong><strong>Cr\u00e9ation 30 novembre 2006 <\/strong><\/strong><\/p>\n<p style=\"text-align: justify;\">(101 repr\u00e9sentations)<strong><br \/>\n<\/strong><\/p>\n<p style=\"text-align: justify;\">Une jardinerie \u00e0 la campagne\u2026 Trois employ\u00e9s s\u2019ennuient en attendant les clients ; pour tuer le temps, ils inventent une histoire polici\u00e8re m\u00ealant habilement com\u00e9diens et marionnettes dans une mise en sc\u00e8ne originale et soign\u00e9e.<br \/>\n\u00ab\u00a0Un bonheur sans partage r\u00e8gne depuis toujours sur la rieuse contr\u00e9e des herbes folles. Las ! Le meurtre sauvage du vieux radis noir va semer le trouble puis la peur au sein du potager\u2026<br \/>\nD\u2019autant que l\u2019enqu\u00eate \u2013 loin de progresser \u2013 sera \u00e9maill\u00e9e de nombreux crimes l\u00e9gumiers.<\/p>\n<p style=\"text-align: justify;\">C\u2019est finalement une petite p\u00eache de vigne, gorg\u00e9e par le soleil de force d\u2019analyse, qui parviendra \u00e0 d\u00e9masquer le coupable \u00e0 la fin de l\u2019\u00e9t\u00e9, avant qu\u2019un ultime rebondissement ne vienne bousculer les id\u00e9es re\u00e7ues dans nos t\u00eates de linottes !\u00a0\u00bb<\/p>\n<p><em>Avec, par ordre d\u2019entr\u00e9e dans la soupe :<\/em><\/p>\n<p>&#8211;\u00a0 Jeune Radis<br \/>\n&#8211;\u00a0 Chef Carotte<br \/>\n&#8211;\u00a0 Madame La Taupe<br \/>\n&#8211;\u00a0 Cornichon et Citrouille<br \/>\n&#8211;\u00a0 Grosse Patate et Petite Pomme de Terre Nouvelle<br \/>\n&#8211;\u00a0 Pommier et Poirier<br \/>\n&#8211;\u00a0 Cotier, le haricot grimpant<br \/>\n&#8211;\u00a0 La grande asperge<br \/>\n&#8211;\u00a0 L\u2019\u00e9pouvantail\u2026<\/p>\n<p>Costumes : La Vache \u00e0 Plumes<\/p>\n<p style=\"text-align: justify;\"><em>Signalons par ailleurs que la pi\u00e8ce fut \u00e9galement mont\u00e9e par <strong>\u00ab\u00a0Les P&rsquo;tits Digeois\u00a0\u00bb<\/strong> en avril 2007. <\/em><\/p>\n<p style=\"text-align: justify;\"><em>Devant le succ\u00e8s rencontr\u00e9, reprise par une troisi\u00e8me \u00e9quipe chez <strong>\u00ab\u00a0Gurgy et compagnie\u00a0\u00bb<\/strong> en 2017. <\/em><\/p>\n<p style=\"text-align: justify;\"><em>\u00ab\u00a0Le Radis Radin\u00a0\u00bb est publi\u00e9 dans la collection Jeunesse l&rsquo;Harmattan (avril 2006) Vous pouvez donc le commander : <a href=\"http:\/\/www.editions-harmattan.fr\" target=\"_blank\" rel=\"noopener\">www.editions-harmattan.fr.<\/a><\/em>, ou bien \u00e9videmment aupr\u00e8s de la compagnie (0613513887) Comme toujours, La T\u00eate de Mule vous offre les frais de port !<\/p>\n\n\n<figure class=\"wp-block-gallery has-nested-images columns-default is-cropped wp-block-gallery-1 is-layout-flex wp-block-gallery-is-layout-flex\"><\/figure>\n","protected":false},"excerpt":{"rendered":"<p>Cr\u00e9ation 30 novembre 2006 (101 repr\u00e9sentations) Une jardinerie \u00e0 la campagne\u2026 Trois employ\u00e9s s\u2019ennuient en attendant les clients ; pour tuer le temps, ils inventent une histoire polici\u00e8re m\u00ealant habilement com\u00e9diens et marionnettes dans une mise en sc\u00e8ne originale et soign\u00e9e. \u00ab\u00a0Un bonheur sans partage r\u00e8gne depuis toujours sur la rieuse contr\u00e9e des herbes folles. Las ! Le meurtre sauvage du vieux radis noir va semer le trouble puis la peur au sein du potager\u2026 D\u2019autant que l\u2019enqu\u00eate \u2013 loin&#8230;<\/p>\n<p class=\"read-more\"><a class=\"btn btn-default\" href=\"https:\/\/www.la-tete-de-mule.fr\/?page_id=60\">Lire la suite<span class=\"screen-reader-text\"> Lire la suite<\/span><\/a><\/p>\n","protected":false},"author":5,"featured_media":0,"parent":30,"menu_order":0,"comment_status":"closed","ping_status":"open","template":"","meta":{"footnotes":""},"class_list":["post-60","page","type-page","status-publish","hentry"],"_links":{"self":[{"href":"https:\/\/www.la-tete-de-mule.fr\/index.php?rest_route=\/wp\/v2\/pages\/60","targetHints":{"allow":["GET"]}}],"collection":[{"href":"https:\/\/www.la-tete-de-mule.fr\/index.php?rest_route=\/wp\/v2\/pages"}],"about":[{"href":"https:\/\/www.la-tete-de-mule.fr\/index.php?rest_route=\/wp\/v2\/types\/page"}],"author":[{"embeddable":true,"href":"https:\/\/www.la-tete-de-mule.fr\/index.php?rest_route=\/wp\/v2\/users\/5"}],"replies":[{"embeddable":true,"href":"https:\/\/www.la-tete-de-mule.fr\/index.php?rest_route=%2Fwp%2Fv2%2Fcomments&post=60"}],"version-history":[{"count":19,"href":"https:\/\/www.la-tete-de-mule.fr\/index.php?rest_route=\/wp\/v2\/pages\/60\/revisions"}],"predecessor-version":[{"id":3595,"href":"https:\/\/www.la-tete-de-mule.fr\/index.php?rest_route=\/wp\/v2\/pages\/60\/revisions\/3595"}],"up":[{"embeddable":true,"href":"https:\/\/www.la-tete-de-mule.fr\/index.php?rest_route=\/wp\/v2\/pages\/30"}],"wp:attachment":[{"href":"https:\/\/www.la-tete-de-mule.fr\/index.php?rest_route=%2Fwp%2Fv2%2Fmedia&parent=60"}],"curies":[{"name":"wp","href":"https:\/\/api.w.org\/{rel}","templated":true}]}}

<p style="text-align: justify;"><strong><a href="http://www.la-tete-de-mule.fr/wp-content/uploads/2012/09/radis.jpg"><img loading="lazy" decoding="async" class="alignleft size-medium wp-image-61" title="radis" src="http://www.la-tete-de-mule.fr/wp-content/uploads/2012/09/radis-300x225.jpg" alt="" width="300" height="225" srcset="https://www.la-tete-de-mule.fr/wp-content/uploads/2012/09/radis-300x225.jpg 300w, https://www.la-tete-de-mule.fr/wp-content/uploads/2012/09/radis-1024x768.jpg 1024w" sizes="auto, (max-width: 300px) 100vw, 300px" /></a><a href="http://www.la-tete-de-mule.fr/wp-content/uploads/2012/09/18-mai-2014-001-e1400325501851.jpg"><img loading="lazy" decoding="async" class="alignnone  wp-image-1678" src="http://www.la-tete-de-mule.fr/wp-content/uploads/2012/09/18-mai-2014-001-e1400325501851-225x300.jpg" alt="18 mai 2014 001" width="158" height="210" srcset="https://www.la-tete-de-mule.fr/wp-content/uploads/2012/09/18-mai-2014-001-e1400325501851-225x300.jpg 225w, https://www.la-tete-de-mule.fr/wp-content/uploads/2012/09/18-mai-2014-001-e1400325501851-768x1024.jpg 768w" sizes="auto, (max-width: 158px) 100vw, 158px" /></a><a href="http://www.la-tete-de-mule.fr/wp-content/uploads/2012/09/18-mai-2014-002.jpg"><img loading="lazy" decoding="async" class="alignnone size-medium wp-image-1679" src="http://www.la-tete-de-mule.fr/wp-content/uploads/2012/09/18-mai-2014-002-e1400325589678-300x225.jpg" alt="18 mai 2014 002" width="300" height="225" srcset="https://www.la-tete-de-mule.fr/wp-content/uploads/2012/09/18-mai-2014-002-e1400325589678-300x225.jpg 300w, https://www.la-tete-de-mule.fr/wp-content/uploads/2012/09/18-mai-2014-002-e1400325589678-1024x768.jpg 1024w" sizes="auto, (max-width: 300px) 100vw, 300px" /></a><a href="http://www.la-tete-de-mule.fr/wp-content/uploads/2012/09/07-février-2014-506.jpg"><img loading="lazy" decoding="async" class="alignnone  wp-image-1471" src="http://www.la-tete-de-mule.fr/wp-content/uploads/2012/09/07-février-2014-506-224x300.jpg" alt="07 février 2014 506" width="202" height="270" srcset="https://www.la-tete-de-mule.fr/wp-content/uploads/2012/09/07-février-2014-506-224x300.jpg 224w, https://www.la-tete-de-mule.fr/wp-content/uploads/2012/09/07-février-2014-506-764x1024.jpg 764w, https://www.la-tete-de-mule.fr/wp-content/uploads/2012/09/07-février-2014-506-600x803.jpg 600w, https://www.la-tete-de-mule.fr/wp-content/uploads/2012/09/07-février-2014-506.jpg 1936w" sizes="auto, (max-width: 202px) 100vw, 202px" /></a><a href="http://www.la-tete-de-mule.fr/wp-content/uploads/2012/09/07-février-2014-505.jpg"><img loading="lazy" decoding="async" class="alignnone size-medium wp-image-1469" src="http://www.la-tete-de-mule.fr/wp-content/uploads/2012/09/07-février-2014-505-224x300.jpg" alt="07 février 2014 505" width="224" height="300" srcset="https://www.la-tete-de-mule.fr/wp-content/uploads/2012/09/07-février-2014-505-224x300.jpg 224w, https://www.la-tete-de-mule.fr/wp-content/uploads/2012/09/07-février-2014-505-764x1024.jpg 764w, https://www.la-tete-de-mule.fr/wp-content/uploads/2012/09/07-février-2014-505-600x803.jpg 600w, https://www.la-tete-de-mule.fr/wp-content/uploads/2012/09/07-février-2014-505.jpg 1936w" sizes="auto, (max-width: 224px) 100vw, 224px" /></a><strong><a href="http://www.la-tete-de-mule.fr/wp-content/uploads/2012/09/07-février-2014-110.jpg"><img loading="lazy" decoding="async" class="alignnone  wp-image-1466" src="http://www.la-tete-de-mule.fr/wp-content/uploads/2012/09/07-février-2014-110-224x300.jpg" alt="07 février 2014 110" width="179" height="240" srcset="https://www.la-tete-de-mule.fr/wp-content/uploads/2012/09/07-février-2014-110-224x300.jpg 224w, https://www.la-tete-de-mule.fr/wp-content/uploads/2012/09/07-février-2014-110-764x1024.jpg 764w, https://www.la-tete-de-mule.fr/wp-content/uploads/2012/09/07-février-2014-110-600x803.jpg 600w, https://www.la-tete-de-mule.fr/wp-content/uploads/2012/09/07-février-2014-110.jpg 1936w" sizes="auto, (max-width: 179px) 100vw, 179px" /></a></strong></strong></p>
<p style="text-align: justify;"><strong><strong>Création 30 novembre 2006 </strong></strong></p>
<p style="text-align: justify;">(101 représentations)<strong><br />
</strong></p>
<p style="text-align: justify;">Une jardinerie à la campagne… Trois employés s’ennuient en attendant les clients ; pour tuer le temps, ils inventent une histoire policière mêlant habilement comédiens et marionnettes dans une mise en scène originale et soignée.<br />
« Un bonheur sans partage règne depuis toujours sur la rieuse contrée des herbes folles. Las ! Le meurtre sauvage du vieux radis noir va semer le trouble puis la peur au sein du potager…<br />
D’autant que l’enquête – loin de progresser – sera émaillée de nombreux crimes légumiers.</p>
<p style="text-align: justify;">C’est finalement une petite pêche de vigne, gorgée par le soleil de force d’analyse, qui parviendra à démasquer le coupable à la fin de l’été, avant qu’un ultime rebondissement ne vienne bousculer les idées reçues dans nos têtes de linottes ! »</p>
<p><em>Avec, par ordre d’entrée dans la soupe :</em></p>
<p>&#8211;  Jeune Radis<br />
&#8211;  Chef Carotte<br />
&#8211;  Madame La Taupe<br />
&#8211;  Cornichon et Citrouille<br />
&#8211;  Grosse Patate et Petite Pomme de Terre Nouvelle<br />
&#8211;  Pommier et Poirier<br />
&#8211;  Cotier, le haricot grimpant<br />
&#8211;  La grande asperge<br />
&#8211;  L’épouvantail…</p>
<p>Costumes : La Vache à Plumes</p>
<p style="text-align: justify;"><em>Signalons par ailleurs que la pièce fut également montée par <strong>« Les P&rsquo;tits Digeois »</strong> en avril 2007. </em></p>
<p style="text-align: justify;"><em>Devant le succès rencontré, reprise par une troisième équipe chez <strong>« Gurgy et compagnie »</strong> en 2017. </em></p>
<p style="text-align: justify;"><em>« Le Radis Radin » est publié dans la collection Jeunesse l&rsquo;Harmattan (avril 2006) Vous pouvez donc le commander : <a href="http://www.editions-harmattan.fr" target="_blank" rel="noopener">www.editions-harmattan.fr.</a></em>, ou bien évidemment auprès de la compagnie (0613513887) Comme toujours, La Tête de Mule vous offre les frais de port !</p>


<figure class="wp-block-gallery has-nested-images columns-default is-cropped wp-block-gallery-1 is-layout-flex wp-block-gallery-is-layout-flex"></figure>

<p>Création 30 novembre 2006 (101 représentations) Une jardinerie à la campagne… Trois employés s’ennuient en attendant les clients ; pour tuer le temps, ils inventent une histoire policière mêlant habilement comédiens et marionnettes dans une mise en scène originale et soignée. « Un bonheur sans partage règne depuis toujours sur la rieuse contrée des herbes folles. Las ! Le meurtre sauvage du vieux radis noir va semer le trouble puis la peur au sein du potager… D’autant que l’enquête – loin&#8230;</p>
<p class="read-more"><a class="btn btn-default" href="https://www.la-tete-de-mule.fr/?page_id=60">Lire la suite<span class="screen-reader-text"> Lire la suite</span></a></p>
